Let f(w) be the second derivative of n(w). What is f(-4)?
3
Let q(o) = o - 1. Let v(t) = 2*t**2 + t + 8. Let h(z) = 5*q(z) + v(z). What is h(-4)?
11
Let k(t) = -t**2 + 3*t - 1. Let o(s) = 5*s**2 - 20*s + 8. Let p(x) = 6*k(x) + o(x). Calculate p(-3).
-1
Let g(c) be the second derivative of 0 + 5/2*c**2 - 5*c - 1/6*c**3. Calculate g(6).
-1
Let j(t) be the third derivative of -t**6/360 - 3*t**5/40 - 11*t**4/24 - 5*t**3/6 - 16*t**2. Let x(p) be the first derivative of j(p). Determine x(-8).
-3
Let q(c) = 7 - c**2 - 3*c + 4*c + 5*c. Let z = -6 + 14. Let d = z - 2. What is q(d)?
7
Let p(a) = 5*a**3 + 1. Suppose -4*d = -h - 427, -h + 329 = 4*d - 108. Suppose -3*x + 4*z = 146, -3*x = 5*z + 74 + d. Let u be 4/(-18) - (-42)/x. What is p(u)?
-4
Let t(y) = -8*y**2 + 3 + 5*y**2 - y**3 + 9*y**2. Calculate t(6).
3
Suppose 2*g = 5*t - 4, -2*g + 232*t - 20 = 235*t. Let p(l) be the second derivative of -l**4/12 - 7*l**3/6 + l**2 - l. Give p(g).
2
Let f(i) = i + 4. Let j(k) = -k**2 - 12*k - 16. Suppose -y - 2*y = 4*b + 55, 4*b + 2*y = -50. Let x be j(b). Give f(x).
8
Let f(q) = q**2 - 10*q - 2. Let w(h) = -2*h**2 + 11*h + 1. Let y(z) = 3*f(z) + 2*w(z). Let o(s) = -14*s**2 + 9*s - 1. Let d be o(1). Calculate y(d).
8
Let t(x) = -x**3 + 21*x**2 - 23*x + 60. Let j be t(20). Suppose 33*k - 37*k - 4 = j. Let h(m) = m - 6*m - m. Calculate h(k).
6
Let k(w) = -3*w. Suppose 3*h - 8*h = -25. Suppose 0 = -5*v + 3*r - 117, -h*v + 0 = 4*r + 89. Let o = v - -20. Give k(o).
3
Let u(r) = 9*r - 18. Let w(k) = 8*k - 14. Let s(f) = 4*u(f) - 5*w(f). What is s(2)?
-10
Let y(z) = -z**2 + 8*z - 7. Let a be (7 - 1)*40/48. Determine y(a).
8
Let l(w) = 11*w - 1. Let i(a) = 2*a - 8. Let z be i(6). Suppose -z*f + k + 4 + 6 = 0, 4*f + k - 6 = 0. Calculate l(f).
21
Let x(z) = z**3 + 3*z**2 - z - 2. Suppose -u = -3*o - 1, 0*o - 3 = 3*o. Give x(u).
4
Let d(z) be the third derivative of -z**5/60 - 2*z**4/3 + 5*z**3/3 - 67*z**2. Give d(-17).
-7
Suppose 0 = -a - a + r + 1, 0 = 4*r - 20. Let g(j) = j**3 + 9*j - 14*j - 10 - 2*j**2 + 13. Determine g(a).
-3
Let n(j) = j. Let w be (-5)/(-2)*(-4)/5. Let s be w/6 - 234/(-54). Give n(s).
4
Let c(g) = -3708*g + 1858*g + 1849*g - 7. Give c(0).
-7
Let h = 73 - 57. Suppose -b + h = 3*f - 0*b, 3*f + 5*b = 8. Let m(j) = -j + 3. Determine m(f).
-3
Suppose -z = 5*p + 2*z - 88, -2*p + 60 = -5*z. Let d = p + -18. Let l(u) = u. Let n(x) = 5*x + 1. Let s(h) = -9*l(h) + 2*n(h). Determine s(d).
4
Let v(l) = l**3 + 2*l**2 - 1. Suppose -3*n + 163 = 505. Let k = n + 115. Calculate v(k).
2
Let v(s) be the third derivative of -s**5/30 - s**4/8 - s**3/2 - s**2. Let l be (-3)/((-7)/20 + 3/12). Let c = l - 32. What is v(c)?
-5
Let x(o) = -o**2 - 10*o + 3. Let d be (-4)/(-10) + 1026/(-90). Give x(d).
-8
Let d(o) = o**3 - 7*o**2 + o - 5. Suppose -3*l + 17 = x - 4*l, -l - 5 = 0. Let t be 32/24*63/x. Determine d(t).
2
Let m(l) = 2*l - 3*l - 1 + 2*l. Let f be (-28)/7 + 10 + -2. What is m(f)?
3
Let l(b) = 5*b - 14*b**2 - 6 + 5 + 5*b**2 + 10*b**2. Let y = 245 - 252. Give l(y).
13
Let b(q) be the first derivative of 11*q**2/2 + 3*q + 14. Give b(-3).
-30
Suppose n = -4*m - 4*n - 10, m - 6 = 3*n. Suppose 3*i = i + 5*z, m = -i + 5*z. Let f(o) = -1 - 6*o + i + 2*o. Calculate f(2).
-9
Let i(x) = 0*x + 5*x - 3*x - 2. Let s be i(2). Let r(p) = -5 + 9*p**2 - 14*p**2 - p + 6*p**s. Determine r(0).
-5
Let q(k) be the first derivative of k**4 + k**3/3 - 3*k**2/2 + 9*k - 5. Let u(d) = -3*d**3 + 2*d - 8. Let w(g) = 4*q(g) + 5*u(g). What is w(-5)?
-19
Let d(a) = a**3 - 5*a**2 + 2*a + 1. Suppose -o + 52 = 48. What is d(o)?
-7
Let d(q) be the second derivative of q**4/12 - 17*q**3/6 + 7*q**2 - 12*q. Let b be d(16). Let s(o) = o**2 + 2*o - 1. Give s(b).
-1
Let i(t) be the second derivative of t**4/6 + t**3/6 - 7*t**2/2 + 19*t - 2. Give i(-5).
38
Suppose 2*u = a - 96, 5*a + 5*u = -0*a + 405. Let s(l) = l + 48*l**2 + 44*l**2 - a*l**2. Let v be 2 - 5 - (2 + -4). Give s(v).
5
Suppose -16*o + 20*o - 44 = 0. Let j(n) = 2*n**2 - 6*n + 5. Let q(a) = -a**2 + 3*a - 3. Let m(i) = o*q(i) + 6*j(i). Give m(-3).
15
Let u(r) = 2 + 0 - 4*r + 3*r. Let a(p) = -p**3 + 2*p**2 + 3*p - 4. Let s be a(2). Suppose -s*k - 2 = -12. Calculate u(k).
-3
Let w(d) be the first derivative of -37 + 1/4*d**4 + 4/3*d**3 + 3/2*d**2 + 0*d. Give w(-2).
2
Let z(v) be the third derivative of 34*v**2 + 1/6*v**4 + 0*v + 0 + 0*v**3. Calculate z(-2).
-8
Suppose -4*h + 1 + 7 = 0. Let r(c) = -13*c**3 - 1 - c + 28*c**h + 29*c**2 - 57*c**2. Give r(-1).
13
Let f(d) = -4*d - 7. Let a(j) = -j - 1. Let v(i) = -2*a(i) + f(i). Let s(h) = -2*h - 7. Let x be s(-3). Let m = x - 5. Calculate v(m).
7
Let j(p) = -p**2 - 7*p - 13. Let y be j(-6). Let l(s) = -2*s**2 + 18*s - 19. Let h(b) = -b**2 + 9*b - 9. Let m(i) = y*h(i) + 3*l(i). Calculate m(9).
6
Let r(a) = -4*a - 5. Let d be r(2). Suppose 0 = 4*p + 4*y - 16, 4*y + 27 = p + 8. Let l = p + d. Let s(o) = -o**3 - 7*o**2 - 8*o + 3. Give s(l).
15
Let n(j) be the first derivative of 10 + 1/2*j**2 + 17*j. Suppose o + 2*o + 20 = -q, 0 = -5*o - 4*q - 31. Determine n(o).
10
Suppose -18*o + 153 = 45. Let w(t) = t**3 - 7*t**2 + 4*t + 6. Determine w(o).
-6
Let u(p) be the second derivative of p**4/12 - p**3/6 - p**2/2 + 2*p. Suppose 13*a - 8*a = 0. Suppose 3*j - 5*z + 19 = a, -3*j = -j + 3*z. Calculate u(j).
11
Let s(t) = -t**2 + 14*t - 9. Let r be s(13). Let z(h) = -2 - 3*h + r*h + 3 + 3. Determine z(-5).
-1
Let v be (-3)/(36/(-44))*-6. Suppose -4*b = 45 + 19. Let a = b - v. Let h(k) = k**2 - 5*k - 1. Determine h(a).
5
Let u(t) be the third derivative of -t**5/60 + 11*t**4/24 - 5*t**3/6 + 14*t**2. Give u(11).
-5
Let l(p) = 7*p - 6. Let c(z) = -15*z + 13. Let s(h) = 6*c(h) + 13*l(h). Let v be 7 + 18/45*(1 - 6). Calculate s(v).
5
Let s be 30/21*3 - 12/42. Let f(i) = i + 2. Calculate f(s).
6
Let w(g) = -3*g. Let q(u) = -10*u - 1. Suppose -3*d - 3 + 6 = 0. Let h(b) = -b**3 - 2*b**2 + 2*b - 1. Let y be h(d). Let f(n) = y*q(n) + 7*w(n). What is f(0)?
2
Let n(k) = k**2 - k + 7. Suppose -4*y + 0*o = -o - 7, -3*y + 1 = -5*o. Suppose -2*f + 3*x + 15 = 0, -y*x - 7 = 3. Give n(f).
7
Let a = -1 + 1. Let m(v) = 4*v**2 + 3*v**2 - 6*v**2 - 1 + 0*v**2. What is m(a)?
-1
Let x(g) = 3*g - 6. Let r be x(1). Let w(v) = v + 3. Determine w(r).
0
Suppose 16 = -5*w + 66. Suppose 10*y = y + 1017. Let r(g) = 52 + 47 + g - y. What is r(w)?
-4
Let s(b) be the first derivative of b**4/4 - 2*b**3 - 3*b**2 + 36*b - 241. Calculate s(6).
0
Let v(t) = -t**3 - 6*t**2 + t + 6. Let n(a) = -5*a + 44. Let d = -7 - -17. Let l be n(d). Determine v(l).
0
Suppose 40 = -2*y - 3*y. Let i = -6 - y. Let n(s) = -s - i*s + 2*s. Calculate n(-3).
3
Let a(t) = 2*t + 9. Let g(b) = 3*b + 17. Let o(c) = -5*a(c) + 3*g(c). Give o(11).
-5
Let c(m) = -m**2 - m - 6. Let t be c(0). Let g(z) = -z**3 - 6*z**2 - 44085*z - 5 - 5 + 4 + 44083*z. Give g(t).
6
Let h(u) = 3*u**3 + u**2 + u. Let c be ((2/8)/((-67)/(-536)))/(-2). Determine h(c).
-3
Let f(j) be the first derivative of -2*j**3/3 - j**2/2 + j - 767. Let y(v) = -v - 3. Let n be y(-4). Calculate f(n).
-2
Let f(o) be the second derivative of 1/12*o**4 + 0 + 3/2*o**2 - 4/3*o**3 - o. Determine f(5).
-12
Let w(t) = 231*t**2 + 2*t - 230*t**2 + t**3 + 9 - 2*t. Calculate w(0).
9
Let o(x) be the second derivative of -x**4/12 + 4*x**3/3 - 2*x**2 + 80*x. What is o(8)?
-4
Let n = -50 + 51. Let b(d) = -d**3 + d**2 + 1. Let l(t) = -9*t**3 - 4*t**2 + t - 5. Let x(r) = 4*b(r) + l(r). Determine x(n).
-13
Let i(y) = -25274 - 2*y**3 - 12*y**2 + y**3 + 25272 + 13*y. Calculate i(-13).
-2
Let c(v) = -21*v - 8. Let z(i) = 6*i. Let j(x) = c(x) + 4*z(x). What is j(9)?
19
Let p = -12 - -14. Let n be -3*1*(p - 3). Let d(r) = -8*r - 6 + 3 + n*r. Give d(-2).
7
Let m(w) = -w**3 - 5*w**2 + 2*w + 4. Let u(d) = -d**3 + 8*d**2 + 2*d - 14. Let t be 32/6*3/2. Let o be u(t). Suppose o*z - 5 = 3*z. Determine m(z).
-6
Let q be (-10)/(-5) - 1 - -3. Let p(v) = 1 - 7*v + 5 - 1 - q*v**2 + v**3 + 0*v. Let y be (-20)/(-1 + -3) - 0. Give p(y).
-5
Let n(d) = -18*d**2 + 20*d**2 - 2*d + 1 + d - 8 - d**2. Give n(-3).
5
Suppose 19 + 17 = 4*y. Let g = y - 7. Let k(w) = -w + 2*w**2 - 3*w**3 - 10*w**3 + 12*w**3 + 1. Determine k(g).
-1
Let d(s) = s**3 + 9*s**2 - 9. Suppose -2*c = 88 - 70. Give d(c).
-9
Suppose -v = 4*k + 2*v + 168, -3*k - 121 = v. Let i = -20 - k. Suppose q = 5*l 